 13, 43
Let p = 68279 - 31560. What are the prime factors of p?
73, 503
Suppose -3*c - 4 = -7*c. Let w be ((-5 - -3) + 3)*(-60 - c). List the prime factors of (-14 + 10)/(2/w).
2, 61
Suppose -2*y + 10540 = 2*t - 7636, 0 = -t - 4*y + 9085. List the prime factors of t.
61, 149
Let d = -61 + 61. Suppose -v + d*v = -123. List the prime factors of v.
3, 41
Suppose 0 = 5*g + 2*b - 659, b + b = 2*g - 258. Let n = 214 + g. What are the prime factors of n?
3, 5, 23
List the prime factors of 1*5574 + 31 + -28.
3, 11, 13
Let w be (1926 - (-15)/3) + -1. Suppose 8*l - 3*l + 2*y = w, 2*l + 4*y = 756. What are the prime factors of l?
2, 97
Let l(o) = 9*o - 65. Let z be (-544)/(-28) + (20/(-7))/(-5). What are the prime factors of l(z)?
5, 23
Let r(j) = -j**3 + 3*j**2 + 26*j + 18. Let p be r(7). Suppose -2*t + 677 = -p*o - 1011, -3*t - 2*o = -2524. What are the prime factors of t?
2, 421
Let r(x) = 1436*x + 4838. List the prime factors of r(0).
2, 41, 59
Let z be (-3204)/(-45)*5/2. Let q = -56 + z. List the prime factors of q.
2, 61
List the prime factors of (-63)/35*127795/(-183).
3, 419
Let w = -13 + 31. Let t(l) = l**2 - 20*l - 8. Let k(v) = -v - 1. Let x(q) = -k(q) - t(q). List the prime factors of x(w).
3, 7
Suppose -2*v + 3*c - 141 = 0, -115 - 30 = 2*v + c. Let j = 76 + v. List the prime factors of (80080/(-45))/(-11) - j/(-18).
2, 3
Let a(y) = 158*y**2 - 372*y + 4298. List the prime factors of a(12).
2, 23, 491
Let a be (-1)/2 - -1 - 12/(-8). Suppose -5*u + 0*o = 3*o - 1659, 5*o + 975 = 3*u. Suppose -h + u = a*h. List the prime factors of h.
2, 5, 11
Let p(c) = -c - 11. Let x be p(-9). Let v be -5*(3 - 5)/x. List the prime factors of (50/(-5))/v + 5.
7
Let q(a) = -2*a**3 - a**2 + 1. Let o(v) = -7*v**3 - 18*v**2 - 5*v + 40. Let f(k) = -o(k) + 4*q(k). What are the prime factors of f(7)?
2, 3, 19
Let h = 35 - -69. Let a be (-8 - (3 - 4))/1. Let n = a + h. What are the prime factors of n?
97
Suppose 651348 = 51*o - 429036. What are the prime factors of o?
2, 331
Let i(k) = 28*k - 55. Let t = 51 + -33. List the prime factors of i(t).
449
Let c(n) be the second derivative of 331*n**3/6 - n**2/2 + 12*n + 2. What are the prime factors of c(1)?
2, 3, 5, 11
Let f = 116 - 107. Suppose -p = 4*g - f, 4*g + 3*p + 3 = 6. What are the prime factors of 33 + g + (-4)/1?
2
Let w = 109 + -33. Suppose 9*g = -184 + 895. Let k = g - w. What are the prime factors of k?
3
Suppose -159 = -5*o - m, 2*o = 5*m - 0*m + 42. Let i = 80 - o. Suppose 0 = -7*k - i + 644. What are the prime factors of k?
5, 17
What are the prime factors of (1237181/44)/(18/8) - (-138)/621?
12497
Suppose -11733526 = 38*d - 483*d + 114599. What are the prime factors of d?
3, 5, 71
Let n be 4/(-2) - (-7)/(1/1). Let o(k) = 18*k + 6. Let r be o(n). Suppose -100*t = -r*t - 48. What are the prime factors of t?
2, 3
Suppose 6*o - 9 = 9*o, o - 164329 = -4*p. List the prime factors of p.
7, 5869
Let w = -10371 + 18907. What are the prime factors of w?
2, 11, 97
What are the prime factors of 3 + 3 - -11740 - -4?
2, 5, 47
Let z = 3046 + -1387. What are the prime factors of z?
3, 7, 79
Let r(s) = 7*s**2 + 7*s - 877. List the prime factors of r(-45).
12983
Suppose 26 = -2*l - v - 13, 2*l = v - 49. Let x(o) = o**3 + 22*o**2 + o + 23. Let g be x(l). List the prime factors of -3 - -281 - (g + (-1 - -2)).
2, 3, 23
Let r(n) = 7*n + 7. Let i(m) = -m**2 - m. Let u(s) = i(s) - r(s). Let p be u(-6). Suppose 0 = p*z + 3*v - 95, -47 = -2*z + v + 2. List the prime factors of z.
2, 11
Let s be ((-384)/(-15))/((-6)/(-15)). List the prime factors of (s + -2)*3/(18/42).
2, 7, 31
Suppose -n - 2*g = -3*g - 2, -2*g = -3*n + 8. Let d be 10/(-15)*-1*6 + 1. Suppose 160 = 2*f + n*c, -d*f = -5*c - 483 + 23. List the prime factors of f.
2, 11
Suppose j - 1200 = -288. Suppose f - j = -f. List the prime factors of f.
2, 3, 19
Let o be -4*1/(1 + -3) + 1620. Suppose o = 4*b + 5*g, 0 = -b - 2*g + 182 + 225. What are the prime factors of b?
13, 31
Let v(z) = -z + 8. Let g be v(-12). Suppose 10*r - 14*r = -g. Let i(q) = q**3 - 4*q**2 + 19*q + 9. What are the prime factors of i(r)?
3, 43
Let g(i) = i**3 + 38*i**2 + 237*i + 17. Let h be g(-30). Let p(b) = 35*b - 2. Let m be p(5). Let w = m - h. What are the prime factors of w?
2, 3, 11
Let h be (-357)/7 + 4/(-2). Let c = h + 62. What are the prime factors of 4 - (-1 - -1 - c)?
13
Let s = 129 - -3006. List the prime factors of s.
3, 5, 11, 19
Suppose -11*y = -175 - 122. Suppose -y*x + 10745 = -460. What are the prime factors of x?
5, 83
Let t(w) = 6*w**3 + 2*w**2 - 4*w + 2. Let i be t(6). Let m = i + -921. Let s = m + -265. What are the prime factors of s?
2, 5
Suppose -1756*z + 1804*z = 595584. List the prime factors of z.
2, 3, 11, 47
Let q = 52 - 55. Let k be 2/(-4)*((-10 - q) + -3). Suppose 0*n = -k*n + 40. List the prime factors of n.
2
Let w(d) = 754*d + 115. Let n be w(23). What are the prime factors of (2 - n/(-22))*(4 + -2)?
37, 43
Let k = 4166 - 2836. Suppose -j - k = 4*j. Let a = -83 - j. What are the prime factors of a?
3, 61
Let x = 23754 - 12710. What are the prime factors of x?
2, 11, 251
Suppose 0 = 6*v + 3*v - 720. Suppose -26 = -3*c - 5*k, -2*c = -5*k + 7 + 9. Suppose -4*p + v = -c*p. What are the prime factors of p?
2, 5
Let m be 368/26 + (-2)/13. Suppose 0*i + 2*i = 4*t + 28, i - m = t. What are the prime factors of i?
2, 7
Let q(s) = 135*s - 193 - 57*s + 36. List the prime factors of q(12).
19, 41
Let h be 1/2*(-173 - -3). Suppose -12*d + 409 + 3263 = 0. Let n = d + h. What are the prime factors of n?
13, 17
Let j(g) be the first derivative of -53*g**5/120 - 5*g**4/6 - 8*g**3 - 22. Let f(p) be the third derivative of j(p). List the prime factors of f(-5).
5, 7
Suppose -74*w = 2*o - 77*w - 1408, o = -5*w + 704. What are the prime factors of o?
2, 11
Suppose 2685 = 4*q + 5*p, 0 = 5*q - q + p - 2681. Suppose 5*b = 10*b - q. What are the prime factors of 3/(539/b + -4)?
2, 67
List the prime factors of 527408/28*(39/(-12) + 4).
3, 17, 277
Suppose 8*f + 10514 - 3834 = 0. Let s = f - -1223. What are the prime factors of s?
2, 97
Let b(x) = 22*x**2 - 24*x - 201. Let j(h) = h**3 - 15*h**2 - 19*h + 41. Let p be j(16). What are the prime factors of b(p)?
5, 11, 19
Let y = 203 - 197. Suppose 3*h + k = 1253, 3*k - y = -0. What are the prime factors of h?
3, 139
Suppose 2*u = 2*m - 9052, -4*u = m + 1809 - 6320. List the prime factors of m.
4523
Suppose 0 = -2*z + 2*h + 14, 2*z = -0*z - 3*h - 6. Suppose -z*k + 5*u = -3340, -2244 = 3*k - 5*k - u. What are the prime factors of k?
2, 5, 7
Let q(i) = 104*i + 1011. What are the prime factors of q(30)?
3, 17
Suppose -p + 2*x = -11020, -3*p - x - 5319 = -38407. What are the prime factors of p?
2, 3, 919
Suppose 115*c - 427057 + 65612 = 0. What are the prime factors of c?
7, 449
Suppose 2*t = -2 + 6. Let k = 10144 + -9938. Suppose 2*i - 4*f - k = -0*i, 206 = t*i + 4*f. What are the prime factors of i?
103
Let c = -246 - -245. What are the prime factors of (-16276)/(-22) + -6*c/33?
2, 5, 37
Let y = 244 - 566. Let n = y + 1894. List the prime factors of n.
2, 3, 131
What are the prime factors of 2*(-63)/18 - 21946/(-2)?
2, 5483
Suppose -305*v = 4*g - 307*v - 226658, 0 = -4*g + 5*v + 226655. What are the prime factors of g?
5, 7, 1619
Let x = 10522 - 4572. List the prime factors of x.
2, 5, 7, 17
Let m = -462 + 459. Let d(n) = -15*n**3 - 5*n**2 - 5*n - 10. List the prime factors of d(m).
5, 73
Suppose 4*y = 0, 4*r - 10464 = 65*y - 69*y. What are the prime factors of r?
2, 3, 109
Let i be (-4)/(-14) + (-264)/(-7). Let d = -763 + 760. List the prime factors of 6289/i - (-1 + d/(-2)).
3, 5, 11
Suppose 2*u + 0 - 10 = 2*v, -4*u - 3*v = -13. Suppose 5*p - 520 = u*l + 791, 8 = -2*l. Let z = -129 + p. What are the prime factors of z?
2, 5, 13
Let f(r) = -8*r - 14. Let l(q) = -4*q**3 + q**2 - 2*q - 2. Let n be l(-2). Let x = n + -47. List the prime factors of f(x).
2, 29
Let t = 16779 - -16112. List the prime factors of t.
31, 1061
Suppose -122*b + 274*b = 6985008. List the prime factors of b.
2, 3, 23, 37
Let f be ((-1)/1)/((-6)/2124*-6). Let s = f + 218. Suppose s - 32 = 2*w - m, -m = -5. What are the prime factors of w?
2, 3, 11
Let s = -39 + 9914. List the prime factors of s.
5, 79
Let p(s) = -98*s - 51. Suppose 4*h = 12 - 24. What are the prime factors of p